{"id":2042,"date":"2020-01-30T12:00:51","date_gmt":"2020-01-30T11:00:51","guid":{"rendered":"https:\/\/kontrapunkte-berlin.de\/wp-content\/uploads\/2020\/01\/031-tn_kloster-053.jpg"},"modified":"2020-01-30T12:00:51","modified_gmt":"2020-01-30T11:00:51","slug":"ein-staendchen-fuer-die-kueche","status":"inherit","type":"attachment","link":"https:\/\/kontrapunkte-berlin.de\/?attachment_id=2042","title":{"rendered":"Ein St\u00e4ndchen f\u00fcr die K\u00fcche"},"author":9,"featured_media":0,"comment_status":"closed","ping_status":"closed","template":"","meta":{"ngg_post_thumbnail":0},"class_list":["post-2042","attachment","type-attachment","status-inherit","hentry"],"description":{"rendered":"<p class=\"attachment\"><a href='https:\/\/kontrapunkte-berlin.de\/wp-content\/uploads\/2020\/01\/031-tn_kloster-053.jpg'><img loading=\"lazy\" decoding=\"async\" width=\"300\" height=\"200\" src=\"https:\/\/kontrapunkte-berlin.de\/wp-content\/uploads\/2020\/01\/031-tn_kloster-053-300x200.jpg\" class=\"attachment-medium size-medium\" alt=\"\" srcset=\"https:\/\/kontrapunkte-berlin.de\/wp-content\/uploads\/2020\/01\/031-tn_kloster-053-300x200.jpg 300w, https:\/\/kontrapunkte-berlin.de\/wp-content\/uploads\/2020\/01\/031-tn_kloster-053-1024x682.jpg 1024w, https:\/\/kontrapunkte-berlin.de\/wp-content\/uploads\/2020\/01\/031-tn_kloster-053-768x512.jpg 768w, https:\/\/kontrapunkte-berlin.de\/wp-content\/uploads\/2020\/01\/031-tn_kloster-053-829x553.jpg 829w, https:\/\/kontrapunkte-berlin.de\/wp-content\/uploads\/2020\/01\/031-tn_kloster-053-250x167.jpg 250w, https:\/\/kontrapunkte-berlin.de\/wp-content\/uploads\/2020\/01\/031-tn_kloster-053.jpg 1400w\" sizes=\"auto, (max-width: 300px) 100vw, 300px\" \/><\/a><\/p>\n"},"caption":{"rendered":"<p>Ein St\u00e4ndchen f\u00fcr die K\u00fcche<\/p>\n <a class=\"more-link\" href=\"https:\/\/kontrapunkte-berlin.de\/?attachment_id=2042\"><span class=\"more-msg\">Weiterlesen &rarr;<\/span><\/a>"},"alt_text":"","media_type":"image","mime_type":"image\/jpeg","media_details":{"width":1400,"height":933,"file":"2020\/01\/031-tn_kloster-053.jpg","sizes":{"medium":{"file":"031-tn_kloster-053-300x200.jpg","width":300,"height":200,"mime_type":"image\/jpeg","source_url":"https:\/\/kontrapunkte-berlin.de\/wp-content\/uploads\/2020\/01\/031-tn_kloster-053-300x200.jpg"},"large":{"file":"031-tn_kloster-053-1024x682.jpg","width":1024,"height":682,"mime_type":"image\/jpeg","source_url":"https:\/\/kontrapunkte-berlin.de\/wp-content\/uploads\/2020\/01\/031-tn_kloster-053-1024x682.jpg"},"thumbnail":{"file":"031-tn_kloster-053-150x150.jpg","width":150,"height":150,"mime_type":"image\/jpeg","source_url":"https:\/\/kontrapunkte-berlin.de\/wp-content\/uploads\/2020\/01\/031-tn_kloster-053-150x150.jpg"},"medium_large":{"file":"031-tn_kloster-053-768x512.jpg","width":768,"height":512,"mime_type":"image\/jpeg","source_url":"https:\/\/kontrapunkte-berlin.de\/wp-content\/uploads\/2020\/01\/031-tn_kloster-053-768x512.jpg"},"ctl_avatar":{"file":"031-tn_kloster-053-250x250.jpg","width":250,"height":250,"mime_type":"image\/jpeg","source_url":"https:\/\/kontrapunkte-berlin.de\/wp-content\/uploads\/2020\/01\/031-tn_kloster-053-250x250.jpg"},"featured-slide":{"file":"031-tn_kloster-053-829x553.jpg","width":829,"height":553,"mime_type":"image\/jpeg","source_url":"https:\/\/kontrapunkte-berlin.de\/wp-content\/uploads\/2020\/01\/031-tn_kloster-053-829x553.jpg"},"featured-slide-thumb":{"file":"031-tn_kloster-053-250x167.jpg","width":250,"height":167,"mime_type":"image\/jpeg","source_url":"https:\/\/kontrapunkte-berlin.de\/wp-content\/uploads\/2020\/01\/031-tn_kloster-053-250x167.jpg"},"full":{"file":"031-tn_kloster-053.jpg","width":1400,"height":933,"mime_type":"image\/jpeg","source_url":"https:\/\/kontrapunkte-berlin.de\/wp-content\/uploads\/2020\/01\/031-tn_kloster-053.jpg"}},"image_meta":{"aperture":"0","credit":"Picasa","camera":"Canon EOS 300D DIGITAL","caption":"Ein St\u00e4ndchen f\u00fcr die K\u00fcche","created_timestamp":"1390750169","copyright":"","focal_length":"0","iso":"0","shutter_speed":"0","title":"Ein St\u00e4ndchen f\u00fcr die K\u00fcche","orientation":"0","keywords":[]}},"post":null,"source_url":"https:\/\/kontrapunkte-berlin.de\/wp-content\/uploads\/2020\/01\/031-tn_kloster-053.jpg","_links":{"self":[{"href":"https:\/\/kontrapunkte-berlin.de\/index.php?rest_route=\/wp\/v2\/media\/2042","targetHints":{"allow":["GET"]}}],"collection":[{"href":"https:\/\/kontrapunkte-berlin.de\/index.php?rest_route=\/wp\/v2\/media"}],"about":[{"href":"https:\/\/kontrapunkte-berlin.de\/index.php?rest_route=\/wp\/v2\/types\/attachment"}],"author":[{"embeddable":true,"href":"https:\/\/kontrapunkte-berlin.de\/index.php?rest_route=\/wp\/v2\/users\/9"}],"replies":[{"embeddable":true,"href":"https:\/\/kontrapunkte-berlin.de\/index.php?rest_route=%2Fwp%2Fv2%2Fcomments&post=2042"}]}}

Ein Ständchen für die Küche

<p>Ein Ständchen für die Küche</p>
 <a class="more-link" href="https://kontrapunkte-berlin.de/?attachment_id=2042"><span class="more-msg">Weiterlesen &rarr;</span></a>
