{"id":24,"date":"2013-02-01T20:55:14","date_gmt":"2013-02-01T19:55:14","guid":{"rendered":"http:\/\/test.kontrapunkte-berlin.de\/?page_id=24"},"modified":"2016-02-05T15:07:25","modified_gmt":"2016-02-05T14:07:25","slug":"der-chor","status":"publish","type":"page","link":"https:\/\/kontrapunkte-berlin.de\/?page_id=24","title":{"rendered":"Der Chor"},"content":{"rendered":"<p><span style=\"color: #330000;\"><a href=\"http:\/\/test.kontrapunkte-berlin.de\/wp-content\/uploads\/2013\/02\/Seddin2013.jpg\"><img loading=\"lazy\" decoding=\"async\" class=\"alignnone size-large wp-image-495\" alt=\"Seddin2013\" src=\"http:\/\/test.kontrapunkte-berlin.de\/wp-content\/uploads\/2013\/02\/Seddin2013-1024x768.jpg\" width=\"640\" height=\"480\" srcset=\"https:\/\/kontrapunkte-berlin.de\/wp-content\/uploads\/2013\/02\/Seddin2013-1024x768.jpg 1024w, https:\/\/kontrapunkte-berlin.de\/wp-content\/uploads\/2013\/02\/Seddin2013-300x225.jpg 300w, https:\/\/kontrapunkte-berlin.de\/wp-content\/uploads\/2013\/02\/Seddin2013-768x576.jpg 768w, https:\/\/kontrapunkte-berlin.de\/wp-content\/uploads\/2013\/02\/Seddin2013-250x188.jpg 250w, https:\/\/kontrapunkte-berlin.de\/wp-content\/uploads\/2013\/02\/Seddin2013-400x300.jpg 400w\" sizes=\"auto, (max-width: 640px) 100vw, 640px\" \/><\/a><br \/>\n<\/span><span style=\"color: #330000;\">Der Chor Kontrapunkte wurde im Jahr 1984 von Laiens\u00e4ngerInnen um die Kirchenmusikerin Karina Kretzschmar an der Trinitatis-Kirche in Berlin-Charlottenburg gegr\u00fcndet.<br \/>\nAb 1986 \u00fcbernahm dann Uwe Kany die Leitung des Chors.<br \/>\nDas Liedrepertoire ist sehr breit gef\u00e4chert und hat neben sogenannter alter und neuer Musik auch immer wieder zeitkritische St\u00fccke im Programm. Nach einer in der Regel einj\u00e4hrigen Probenzeit findet eine Konzertauff\u00fchrung statt. Danach wird ein v\u00f6llig neues Programm einstudiert. Auf diese Art und Weise sind mittlerweile weit \u00fcber 500 St\u00fccke erarbeitet worden.<br \/>\n<\/span><span style=\"color: #330000;\"><strong>Wozu singen wir?<\/strong><br \/>\n<\/span><span style=\"color: #330000;\">Weil es Freude macht, aber auch noch aus einem anderen Grund: \u201eAn Zerstreuung l\u00e4sst es uns die Welt nicht fehlen, wenn ich lese, will ich mich sammeln.\u201c Was Goethe \u00fcber das Lesen geschrieben hat, soll bei uns f\u00fcr das Singen und f\u00fcr die Auftritte gelten. <\/span><strong><br \/>\n<span style=\"color: #330000;\">Was singen wir?<\/span><\/strong> <span style=\"color: #330000;\"><br \/>\nWir singen a cappella &#8211; und tun auch nicht so, als ob unsere Stimmen Instrumente w\u00e4ren. Wir singen Volkslieder &#8211; aber nicht unbedingt volkst\u00fcmliche. Wir singen politische Lieder &#8211; aber wir propagieren nichts. Wir singen geistliche Lieder &#8211; verstehen uns aber nicht als religi\u00f6ser Chor. Wir singen in vielen Sprachen der Welt &#8211; mit m\u00f6glichst perfekter Aussprache. Wir singen selten aufgef\u00fchrte oder unbekannte St\u00fccke &#8211; aber nicht nur. Wir singen konventionelle Chorst\u00fccke &#8211; stellen sie aber zu unkonventionellen Programmen zusammen.<\/span><\/p>\n","protected":false},"excerpt":{"rendered":"<p>Der Chor Kontrapunkte wurde im Jahr 1984 von Laiens\u00e4ngerInnen um die Kirchenmusikerin Karina Kretzschmar an der Trinitatis-Kirche in Berlin-Charlottenburg gegr\u00fcndet. Ab 1986 \u00fcbernahm dann Uwe Kany die Leitung des Chors. Das Liedrepertoire ist sehr breit gef\u00e4chert und hat neben sogenannter <span class=\"excerpt-dots\">&hellip;<\/span> <a class=\"more-link\" href=\"https:\/\/kontrapunkte-berlin.de\/?page_id=24\"><span class=\"more-msg\">Weiterlesen &rarr;<\/span><\/a><\/p>\n","protected":false},"author":1,"featured_media":0,"parent":0,"menu_order":0,"comment_status":"closed","ping_status":"closed","template":"","meta":{"ngg_post_thumbnail":0,"footnotes":""},"class_list":["post-24","page","type-page","status-publish","hentry"],"_links":{"self":[{"href":"https:\/\/kontrapunkte-berlin.de\/index.php?rest_route=\/wp\/v2\/pages\/24","targetHints":{"allow":["GET"]}}],"collection":[{"href":"https:\/\/kontrapunkte-berlin.de\/index.php?rest_route=\/wp\/v2\/pages"}],"about":[{"href":"https:\/\/kontrapunkte-berlin.de\/index.php?rest_route=\/wp\/v2\/types\/page"}],"author":[{"embeddable":true,"href":"https:\/\/kontrapunkte-berlin.de\/index.php?rest_route=\/wp\/v2\/users\/1"}],"replies":[{"embeddable":true,"href":"https:\/\/kontrapunkte-berlin.de\/index.php?rest_route=%2Fwp%2Fv2%2Fcomments&post=24"}],"version-history":[{"count":20,"href":"https:\/\/kontrapunkte-berlin.de\/index.php?rest_route=\/wp\/v2\/pages\/24\/revisions"}],"predecessor-version":[{"id":28,"href":"https:\/\/kontrapunkte-berlin.de\/index.php?rest_route=\/wp\/v2\/pages\/24\/revisions\/28"}],"wp:attachment":[{"href":"https:\/\/kontrapunkte-berlin.de\/index.php?rest_route=%2Fwp%2Fv2%2Fmedia&parent=24"}],"curies":[{"name":"wp","href":"https:\/\/api.w.org\/{rel}","templated":true}]}}

<p><span style="color: #330000;"><a href="http://test.kontrapunkte-berlin.de/wp-content/uploads/2013/02/Seddin2013.jpg"><img loading="lazy" decoding="async" class="alignnone size-large wp-image-495" alt="Seddin2013" src="http://test.kontrapunkte-berlin.de/wp-content/uploads/2013/02/Seddin2013-1024x768.jpg" width="640" height="480" srcset="https://kontrapunkte-berlin.de/wp-content/uploads/2013/02/Seddin2013-1024x768.jpg 1024w, https://kontrapunkte-berlin.de/wp-content/uploads/2013/02/Seddin2013-300x225.jpg 300w, https://kontrapunkte-berlin.de/wp-content/uploads/2013/02/Seddin2013-768x576.jpg 768w, https://kontrapunkte-berlin.de/wp-content/uploads/2013/02/Seddin2013-250x188.jpg 250w, https://kontrapunkte-berlin.de/wp-content/uploads/2013/02/Seddin2013-400x300.jpg 400w" sizes="auto, (max-width: 640px) 100vw, 640px" /></a><br />
</span><span style="color: #330000;">Der Chor Kontrapunkte wurde im Jahr 1984 von LaiensängerInnen um die Kirchenmusikerin Karina Kretzschmar an der Trinitatis-Kirche in Berlin-Charlottenburg gegründet.<br />
Ab 1986 übernahm dann Uwe Kany die Leitung des Chors.<br />
Das Liedrepertoire ist sehr breit gefächert und hat neben sogenannter alter und neuer Musik auch immer wieder zeitkritische Stücke im Programm. Nach einer in der Regel einjährigen Probenzeit findet eine Konzertaufführung statt. Danach wird ein völlig neues Programm einstudiert. Auf diese Art und Weise sind mittlerweile weit über 500 Stücke erarbeitet worden.<br />
</span><span style="color: #330000;"><strong>Wozu singen wir?</strong><br />
</span><span style="color: #330000;">Weil es Freude macht, aber auch noch aus einem anderen Grund: „An Zerstreuung lässt es uns die Welt nicht fehlen, wenn ich lese, will ich mich sammeln.“ Was Goethe über das Lesen geschrieben hat, soll bei uns für das Singen und für die Auftritte gelten. </span><strong><br />
<span style="color: #330000;">Was singen wir?</span></strong> <span style="color: #330000;"><br />
Wir singen a cappella &#8211; und tun auch nicht so, als ob unsere Stimmen Instrumente wären. Wir singen Volkslieder &#8211; aber nicht unbedingt volkstümliche. Wir singen politische Lieder &#8211; aber wir propagieren nichts. Wir singen geistliche Lieder &#8211; verstehen uns aber nicht als religiöser Chor. Wir singen in vielen Sprachen der Welt &#8211; mit möglichst perfekter Aussprache. Wir singen selten aufgeführte oder unbekannte Stücke &#8211; aber nicht nur. Wir singen konventionelle Chorstücke &#8211; stellen sie aber zu unkonventionellen Programmen zusammen.</span></p>

<p>Der Chor Kontrapunkte wurde im Jahr 1984 von LaiensängerInnen um die Kirchenmusikerin Karina Kretzschmar an der Trinitatis-Kirche in Berlin-Charlottenburg gegründet. Ab 1986 übernahm dann Uwe Kany die Leitung des Chors. Das Liedrepertoire ist sehr breit gefächert und hat neben sogenannter <span class="excerpt-dots">&hellip;</span> <a class="more-link" href="https://kontrapunkte-berlin.de/?page_id=24"><span class="more-msg">Weiterlesen &rarr;</span></a></p>
